{"id":1421,"date":"2025-07-30T10:59:49","date_gmt":"2025-07-30T08:59:49","guid":{"rendered":"https:\/\/shazzam.fr\/?page_id=1421"},"modified":"2025-07-30T12:04:21","modified_gmt":"2025-07-30T10:04:21","slug":"pilates","status":"publish","type":"page","link":"https:\/\/shazzam.fr\/?page_id=1421","title":{"rendered":"Pilates"},"content":{"rendered":"<h3><span style=\"color: #ff0000;\">Nouveau<\/span><\/h3>\n\n\n<p><strong>Cours adultes<\/strong><\/p>\n\n\n\n<p><strong>Un renforcement en douceur<\/strong><br>Le Pilates est une m\u00e9thode qui permet de travailler les muscles profonds, notamment ceux du dos, des abdominaux et du plancher pelvien, sans impact ni brutalit\u00e9.<\/p>\n\n\n<div class=\"wp-block-image\">\n<figure class=\"alignright size-large is-resized\"><img data-recalc-dims=\"1\" loading=\"lazy\" decoding=\"async\" width=\"605\" height=\"756\" data-attachment-id=\"1425\" data-permalink=\"https:\/\/shazzam.fr\/?attachment_id=1425\" data-orig-file=\"https:\/\/i0.wp.com\/shazzam.fr\/wp-content\/uploads\/2025\/07\/Pilates-Shazzam-posture.png?fit=1080%2C1350&amp;ssl=1\" data-orig-size=\"1080,1350\" data-comments-opened=\"0\" data-image-meta=\"{&quot;aperture&quot;:&quot;0&quot;,&quot;credit&quot;:&quot;&quot;,&quot;camera&quot;:&quot;&quot;,&quot;caption&quot;:&quot;&quot;,&quot;created_timestamp&quot;:&quot;0&quot;,&quot;copyright&quot;:&quot;&quot;,&quot;focal_length&quot;:&quot;0&quot;,&quot;iso&quot;:&quot;0&quot;,&quot;shutter_speed&quot;:&quot;0&quot;,&quot;title&quot;:&quot;&quot;,&quot;orientation&quot;:&quot;0&quot;}\" data-image-title=\"Pilates Shazzam posture\" data-image-description=\"\" data-image-caption=\"\" data-large-file=\"https:\/\/i0.wp.com\/shazzam.fr\/wp-content\/uploads\/2025\/07\/Pilates-Shazzam-posture.png?fit=605%2C756&amp;ssl=1\" src=\"https:\/\/i0.wp.com\/shazzam.fr\/wp-content\/uploads\/2025\/07\/Pilates-Shazzam-posture.png?resize=605%2C756&#038;ssl=1\" alt=\"\" class=\"wp-image-1425\" style=\"width:300px;height:auto\" srcset=\"https:\/\/i0.wp.com\/shazzam.fr\/wp-content\/uploads\/2025\/07\/Pilates-Shazzam-posture.png?resize=819%2C1024&amp;ssl=1 819w, https:\/\/i0.wp.com\/shazzam.fr\/wp-content\/uploads\/2025\/07\/Pilates-Shazzam-posture.png?resize=240%2C300&amp;ssl=1 240w, https:\/\/i0.wp.com\/shazzam.fr\/wp-content\/uploads\/2025\/07\/Pilates-Shazzam-posture.png?resize=768%2C960&amp;ssl=1 768w, https:\/\/i0.wp.com\/shazzam.fr\/wp-content\/uploads\/2025\/07\/Pilates-Shazzam-posture.png?resize=100%2C125&amp;ssl=1 100w, https:\/\/i0.wp.com\/shazzam.fr\/wp-content\/uploads\/2025\/07\/Pilates-Shazzam-posture.png?resize=150%2C188&amp;ssl=1 150w, https:\/\/i0.wp.com\/shazzam.fr\/wp-content\/uploads\/2025\/07\/Pilates-Shazzam-posture.png?resize=200%2C250&amp;ssl=1 200w, https:\/\/i0.wp.com\/shazzam.fr\/wp-content\/uploads\/2025\/07\/Pilates-Shazzam-posture.png?resize=300%2C375&amp;ssl=1 300w, https:\/\/i0.wp.com\/shazzam.fr\/wp-content\/uploads\/2025\/07\/Pilates-Shazzam-posture.png?resize=450%2C563&amp;ssl=1 450w, https:\/\/i0.wp.com\/shazzam.fr\/wp-content\/uploads\/2025\/07\/Pilates-Shazzam-posture.png?resize=600%2C750&amp;ssl=1 600w, https:\/\/i0.wp.com\/shazzam.fr\/wp-content\/uploads\/2025\/07\/Pilates-Shazzam-posture.png?resize=900%2C1125&amp;ssl=1 900w, https:\/\/i0.wp.com\/shazzam.fr\/wp-content\/uploads\/2025\/07\/Pilates-Shazzam-posture.png?w=1080&amp;ssl=1 1080w\" sizes=\"auto, (max-width: 605px) 100vw, 605px\" \/><\/figure><\/div>\n\n\n<p><strong>Ce qu\u2019on y travaille :<\/strong><br>\u2013 Posture et alignement<br>\u2013 Respiration contr\u00f4l\u00e9e<br>\u2013 Gainage et tonification<br>\u2013 Souplesse et concentration<\/p>\n\n\n\n<p><strong>Pour qui ?<\/strong><br>Accessible \u00e0 tous, ce cours est id\u00e9al pour renforcer le corps, pr\u00e9venir les douleurs, am\u00e9liorer sa posture et bouger avec plus de stabilit\u00e9.<\/p>\n\n\n\n<p><strong>Une s\u00e9ance pour se recentrer<\/strong><br>Le Pilates demande de la pr\u00e9cision mais se pratique dans le calme, avec \u00e9coute et progressivit\u00e9.<br>On ressort du cours plus tonique\u2026 mais aussi plus d\u00e9tendu.<\/p>\n","protected":false},"excerpt":{"rendered":"<p>Nouveau Cours adultes Un renforcement en douceurLe Pilates est une m\u00e9thode qui permet de travailler les muscles profonds, notamment ceux du dos, des abdominaux et du plancher pelvien, sans impact ni brutalit\u00e9. Ce qu\u2019on y travaille :\u2013 Posture et alignement\u2013 &hellip;<\/p>\n<p class=\"read-more\"> <a class=\"more-link\" href=\"https:\/\/shazzam.fr\/?page_id=1421\"> <span class=\"screen-reader-text\">Pilates<\/span> Read More &raquo;<\/a><\/p>\n","protected":false},"author":1,"featured_media":0,"parent":132,"menu_order":7,"comment_status":"closed","ping_status":"closed","template":"","meta":{"jetpack_post_was_ever_published":false,"footnotes":""},"class_list":["post-1421","page","type-page","status-publish","hentry"],"aioseo_notices":[],"jetpack_sharing_enabled":true,"jetpack_shortlink":"https:\/\/wp.me\/P7QmCV-mV","jetpack-related-posts":[{"id":261,"url":"https:\/\/shazzam.fr\/","url_meta":{"origin":1421,"position":0},"title":"Bienvenue !","author":"thoune","date":"28\/08\/2016","format":false,"excerpt":"Depuis plus de 10 ans, Shazz\u2019am fait vibrer petits et grands \u00e0 Saint-V\u00e9rand, dans la Vall\u00e9e d\u2019Azergues, en plein c\u0153ur du Beaujolais. Tout a commenc\u00e9 avec la danse\u2026 et au fil des ann\u00e9es, de nouveaux cours sont venus enrichir l\u2019aventure. ll y en a pour tous les go\u00fbts, et pour\u2026","rel":"","context":"Article similaire","block_context":{"text":"Article similaire","link":""},"img":{"alt_text":"","src":"","width":0,"height":0},"classes":[]},{"id":1481,"url":"https:\/\/shazzam.fr\/?page_id=1481","url_meta":{"origin":1421,"position":1},"title":"Equipe","author":"thoune","date":"16\/10\/2025","format":false,"excerpt":"Sandrine Grandjean \u00c9veil corporel et artistique \u2013 enfants Arts cr\u00e9atifs \u2013 enfants & adultesTh\u00e9\u00e2tre \u2013 adultes Ancienne professeure des \u00e9coles, Sandrine accompagne aujourd\u2019hui des enfants en situation de handicap, tout en partageant chez Shazz\u2019am son go\u00fbt pour l\u2019expression et la cr\u00e9ativit\u00e9.Form\u00e9e pendant trois ans au th\u00e9\u00e2tre \u00e0 Lyon, elle a\u2026","rel":"","context":"Article similaire","block_context":{"text":"Article similaire","link":""},"img":{"alt_text":"","src":"https:\/\/i0.wp.com\/shazzam.fr\/wp-content\/uploads\/2025\/10\/Sandrine_Grandjean_Shazzam_saintverand_eveil_theatre_arts_creatifs.png?resize=350%2C200&ssl=1","width":350,"height":200,"srcset":"https:\/\/i0.wp.com\/shazzam.fr\/wp-content\/uploads\/2025\/10\/Sandrine_Grandjean_Shazzam_saintverand_eveil_theatre_arts_creatifs.png?resize=350%2C200&ssl=1 1x, https:\/\/i0.wp.com\/shazzam.fr\/wp-content\/uploads\/2025\/10\/Sandrine_Grandjean_Shazzam_saintverand_eveil_theatre_arts_creatifs.png?resize=525%2C300&ssl=1 1.5x, https:\/\/i0.wp.com\/shazzam.fr\/wp-content\/uploads\/2025\/10\/Sandrine_Grandjean_Shazzam_saintverand_eveil_theatre_arts_creatifs.png?resize=700%2C400&ssl=1 2x, https:\/\/i0.wp.com\/shazzam.fr\/wp-content\/uploads\/2025\/10\/Sandrine_Grandjean_Shazzam_saintverand_eveil_theatre_arts_creatifs.png?resize=1050%2C600&ssl=1 3x, https:\/\/i0.wp.com\/shazzam.fr\/wp-content\/uploads\/2025\/10\/Sandrine_Grandjean_Shazzam_saintverand_eveil_theatre_arts_creatifs.png?resize=1400%2C800&ssl=1 4x"},"classes":[]},{"id":1194,"url":"https:\/\/shazzam.fr\/?page_id=1194","url_meta":{"origin":1421,"position":2},"title":"Yoga","author":"thoune","date":"16\/08\/2022","format":false,"excerpt":"Cours pour ados et adultes, anim\u00e9 par Coralie & France Yin\/Yang YogaUn yoga tout en \u00e9quilibre, qui alterne deux \u00e9nergies :\u2013 Le Yin, lent et profond, pour d\u00e9tendre le corps et rel\u00e2cher les tensions\u2013 Le Yang, plus tonique, pour activer l\u2019\u00e9nergie, mobiliser les articulations et renforcer la posture Ce qu\u2019on\u2026","rel":"","context":"Article similaire","block_context":{"text":"Article similaire","link":""},"img":{"alt_text":"Portrait de Coralie en posture de yoga Vinyasa","src":"https:\/\/i0.wp.com\/shazzam.fr\/wp-content\/uploads\/2022\/08\/Coralie-Alix_YogaP.jpg?resize=350%2C200&ssl=1","width":350,"height":200,"srcset":"https:\/\/i0.wp.com\/shazzam.fr\/wp-content\/uploads\/2022\/08\/Coralie-Alix_YogaP.jpg?resize=350%2C200&ssl=1 1x, https:\/\/i0.wp.com\/shazzam.fr\/wp-content\/uploads\/2022\/08\/Coralie-Alix_YogaP.jpg?resize=525%2C300&ssl=1 1.5x, https:\/\/i0.wp.com\/shazzam.fr\/wp-content\/uploads\/2022\/08\/Coralie-Alix_YogaP.jpg?resize=700%2C400&ssl=1 2x, https:\/\/i0.wp.com\/shazzam.fr\/wp-content\/uploads\/2022\/08\/Coralie-Alix_YogaP.jpg?resize=1050%2C600&ssl=1 3x, https:\/\/i0.wp.com\/shazzam.fr\/wp-content\/uploads\/2022\/08\/Coralie-Alix_YogaP.jpg?resize=1400%2C800&ssl=1 4x"},"classes":[]},{"id":232,"url":"https:\/\/shazzam.fr\/?page_id=232","url_meta":{"origin":1421,"position":3},"title":"Inscription et tarifs","author":"thoune","date":"28\/08\/2016","format":false,"excerpt":"Les inscriptions se font en ligne sur HelloAsso :\ud83d\udc49 Je m\u2019inscris pour la saison 2025\u20132026 Comment \u00e7a fonctionne ? \u2013 Lors de l\u2019inscription en ligne, un montant de 10\u202f\u20ac est demand\u00e9.Il s\u2019agit de l\u2019adh\u00e9sion \u00e0 l\u2019association, et cela permet de r\u00e9server une place pour le cours d\u2019essai (le premier cours\u2026","rel":"","context":"Article similaire","block_context":{"text":"Article similaire","link":""},"img":{"alt_text":"","src":"","width":0,"height":0},"classes":[]},{"id":19,"url":"https:\/\/shazzam.fr\/?page_id=19","url_meta":{"origin":1421,"position":4},"title":"Danse","author":"thoune","date":"19\/08\/2016","format":false,"excerpt":"Depuis toujours, la danse est au c\u0153ur de l\u2019association Shazz\u2019am.Aujourd\u2019hui, plusieurs cours autour du Modern Jazz et de l\u2019Afro Jazz sont propos\u00e9s chaque semaine, pour tous les \u00e2ges \u00e0 partir de 7 ans. Modern Jazz Entre \u00e9nergie, expression et libert\u00e9 de mouvement, le modern jazz chez Shazz\u2019am m\u00eale diff\u00e9rents styles\u2026","rel":"","context":"Article similaire","block_context":{"text":"Article similaire","link":""},"img":{"alt_text":"","src":"","width":0,"height":0},"classes":[]},{"id":935,"url":"https:\/\/shazzam.fr\/?page_id=935","url_meta":{"origin":1421,"position":5},"title":"Th\u00e9\u00e2tre","author":"thoune","date":"24\/08\/2019","format":false,"excerpt":"Avec la Tr\u2019oups \u2013 Atelier com\u00e9die Un rendez-vous hebdomadaire pour adultesLa Tr\u2019oups se retrouve chaque semaine pour 1h30 d\u2019atelier, dans une ambiance d\u00e9tendue et joyeuse.Pas de Moli\u00e8re ici, mais de la com\u00e9die, du jeu, et beaucoup de rires ! Un apprentissage progressifSandrine propose des exercices autour de la voix, du\u2026","rel":"","context":"Article similaire","block_context":{"text":"Article similaire","link":""},"img":{"alt_text":"","src":"","width":0,"height":0},"classes":[]}],"_links":{"self":[{"href":"https:\/\/shazzam.fr\/index.php?rest_route=\/wp\/v2\/pages\/1421","targetHints":{"allow":["GET"]}}],"collection":[{"href":"https:\/\/shazzam.fr\/index.php?rest_route=\/wp\/v2\/pages"}],"about":[{"href":"https:\/\/shazzam.fr\/index.php?rest_route=\/wp\/v2\/types\/page"}],"author":[{"embeddable":true,"href":"https:\/\/shazzam.fr\/index.php?rest_route=\/wp\/v2\/users\/1"}],"replies":[{"embeddable":true,"href":"https:\/\/shazzam.fr\/index.php?rest_route=%2Fwp%2Fv2%2Fcomments&post=1421"}],"version-history":[{"count":4,"href":"https:\/\/shazzam.fr\/index.php?rest_route=\/wp\/v2\/pages\/1421\/revisions"}],"predecessor-version":[{"id":1433,"href":"https:\/\/shazzam.fr\/index.php?rest_route=\/wp\/v2\/pages\/1421\/revisions\/1433"}],"up":[{"embeddable":true,"href":"https:\/\/shazzam.fr\/index.php?rest_route=\/wp\/v2\/pages\/132"}],"wp:attachment":[{"href":"https:\/\/shazzam.fr\/index.php?rest_route=%2Fwp%2Fv2%2Fmedia&parent=1421"}],"curies":[{"name":"wp","href":"https:\/\/api.w.org\/{rel}","templated":true}]}}