{"id":935,"date":"2019-08-24T16:24:12","date_gmt":"2019-08-24T14:24:12","guid":{"rendered":"http:\/\/yjrugct.cluster028.hosting.ovh.net\/?page_id=935"},"modified":"2025-07-30T11:10:53","modified_gmt":"2025-07-30T09:10:53","slug":"theatre","status":"publish","type":"page","link":"https:\/\/shazzam.fr\/?page_id=935","title":{"rendered":"Th\u00e9\u00e2tre"},"content":{"rendered":"<h3 data-start=\"236\" data-end=\"277\"><strong data-start=\"240\" data-end=\"277\">Avec la Tr\u2019oups \u2013 Atelier com\u00e9die<\/strong><\/h3>\n<p data-start=\"279\" data-end=\"500\"><strong data-start=\"279\" data-end=\"323\">Un rendez-vous hebdomadaire pour adultes<\/strong><br data-start=\"323\" data-end=\"326\" \/>La Tr\u2019oups se retrouve chaque semaine pour <strong data-start=\"369\" data-end=\"387\">1h30 d\u2019atelier<\/strong>, dans une ambiance d\u00e9tendue et joyeuse.<br data-start=\"427\" data-end=\"430\" \/>Pas de Moli\u00e8re ici, mais de la com\u00e9die, du jeu, et beaucoup de rires !<\/p>\n<p data-start=\"502\" data-end=\"752\"><strong data-start=\"502\" data-end=\"533\">Un apprentissage progressif<\/strong><br data-start=\"533\" data-end=\"536\" \/>Sandrine propose des exercices autour de la voix, du rythme, de l\u2019improvisation, de l\u2019\u00e9coute&#8230;<br data-start=\"631\" data-end=\"634\" \/>Tout est amen\u00e9 progressivement, avec une priorit\u00e9 : <strong data-start=\"686\" data-end=\"712\">mettre chacun \u00e0 l\u2019aise<\/strong> et cr\u00e9er une belle dynamique de groupe.<\/p>\n<p data-start=\"754\" data-end=\"927\"><strong data-start=\"754\" data-end=\"787\">Une activit\u00e9 qui fait du bien<\/strong><br data-start=\"787\" data-end=\"790\" \/>On apprend \u00e0 <strong data-start=\"803\" data-end=\"823\">projeter sa voix<\/strong>, \u00e0 <strong data-start=\"827\" data-end=\"851\">travailler en groupe<\/strong>, \u00e0 <strong data-start=\"855\" data-end=\"876\">gagner en aisance<\/strong> et \u00e0 <strong data-start=\"882\" data-end=\"898\">l\u00e2cher prise<\/strong>, dans un cadre bienveillant.<\/p>\n<p data-start=\"929\" data-end=\"1119\"><strong data-start=\"929\" data-end=\"964\">Un projet commun en fin d\u2019ann\u00e9e<\/strong><br data-start=\"964\" data-end=\"967\" \/>La saison se termine par une <strong data-start=\"996\" data-end=\"1029\">pi\u00e8ce comique jou\u00e9e sur sc\u00e8ne<\/strong>, choisie ensemble.<br data-start=\"1048\" data-end=\"1051\" \/>Un moment \u00e0 partager, sans pression, juste pour le plaisir de jouer.<\/p>\n<p data-start=\"1121\" data-end=\"1239\"><strong data-start=\"1121\" data-end=\"1142\">Envie d\u2019essayer ?<\/strong><br data-start=\"1142\" data-end=\"1145\" \/>Un <strong data-start=\"1148\" data-end=\"1173\">cours d\u2019essai gratuit<\/strong> est propos\u00e9.<br data-start=\"1186\" data-end=\"1189\" \/>Aucune exp\u00e9rience n\u2019est n\u00e9cessaire pour se lancer.<\/p>\n","protected":false},"excerpt":{"rendered":"<p>Avec la Tr\u2019oups \u2013 Atelier com\u00e9die Un rendez-vous hebdomadaire pour adultesLa Tr\u2019oups se retrouve chaque semaine pour 1h30 d\u2019atelier, dans une ambiance d\u00e9tendue et joyeuse.Pas de Moli\u00e8re ici, mais de la com\u00e9die, du jeu, et beaucoup de rires ! Un &hellip;<\/p>\n<p class=\"read-more\"> <a class=\"more-link\" href=\"https:\/\/shazzam.fr\/?page_id=935\"> <span class=\"screen-reader-text\">Th\u00e9\u00e2tre<\/span> Read More &raquo;<\/a><\/p>\n","protected":false},"author":1,"featured_media":0,"parent":132,"menu_order":4,"comment_status":"closed","ping_status":"closed","template":"","meta":{"jetpack_post_was_ever_published":false,"footnotes":""},"class_list":["post-935","page","type-page","status-publish","hentry"],"aioseo_notices":[],"jetpack_sharing_enabled":true,"jetpack_shortlink":"https:\/\/wp.me\/P7QmCV-f5","jetpack-related-posts":[{"id":1421,"url":"https:\/\/shazzam.fr\/?page_id=1421","url_meta":{"origin":935,"position":0},"title":"Pilates","author":"thoune","date":"30\/07\/2025","format":false,"excerpt":"Nouveau Cours adultes Un renforcement en douceurLe Pilates est une m\u00e9thode qui permet de travailler les muscles profonds, notamment ceux du dos, des abdominaux et du plancher pelvien, sans impact ni brutalit\u00e9. Ce qu\u2019on y travaille :\u2013 Posture et alignement\u2013 Respiration contr\u00f4l\u00e9e\u2013 Gainage et tonification\u2013 Souplesse et concentration Pour qui\u2026","rel":"","context":"Article similaire","block_context":{"text":"Article similaire","link":""},"img":{"alt_text":"","src":"https:\/\/i0.wp.com\/shazzam.fr\/wp-content\/uploads\/2025\/07\/Pilates-Shazzam-posture.png?resize=350%2C200&ssl=1","width":350,"height":200,"srcset":"https:\/\/i0.wp.com\/shazzam.fr\/wp-content\/uploads\/2025\/07\/Pilates-Shazzam-posture.png?resize=350%2C200&ssl=1 1x, https:\/\/i0.wp.com\/shazzam.fr\/wp-content\/uploads\/2025\/07\/Pilates-Shazzam-posture.png?resize=525%2C300&ssl=1 1.5x, https:\/\/i0.wp.com\/shazzam.fr\/wp-content\/uploads\/2025\/07\/Pilates-Shazzam-posture.png?resize=700%2C400&ssl=1 2x, https:\/\/i0.wp.com\/shazzam.fr\/wp-content\/uploads\/2025\/07\/Pilates-Shazzam-posture.png?resize=1050%2C600&ssl=1 3x"},"classes":[]},{"id":1481,"url":"https:\/\/shazzam.fr\/?page_id=1481","url_meta":{"origin":935,"position":1},"title":"Equipe","author":"thoune","date":"16\/10\/2025","format":false,"excerpt":"Sandrine Grandjean \u00c9veil corporel et artistique \u2013 enfants Arts cr\u00e9atifs \u2013 enfants & adultesTh\u00e9\u00e2tre \u2013 adultes Ancienne professeure des \u00e9coles, Sandrine accompagne aujourd\u2019hui des enfants en situation de handicap, tout en partageant chez Shazz\u2019am son go\u00fbt pour l\u2019expression et la cr\u00e9ativit\u00e9.Form\u00e9e pendant trois ans au th\u00e9\u00e2tre \u00e0 Lyon, elle a\u2026","rel":"","context":"Article similaire","block_context":{"text":"Article similaire","link":""},"img":{"alt_text":"","src":"https:\/\/i0.wp.com\/shazzam.fr\/wp-content\/uploads\/2025\/10\/Sandrine_Grandjean_Shazzam_saintverand_eveil_theatre_arts_creatifs.png?resize=350%2C200&ssl=1","width":350,"height":200,"srcset":"https:\/\/i0.wp.com\/shazzam.fr\/wp-content\/uploads\/2025\/10\/Sandrine_Grandjean_Shazzam_saintverand_eveil_theatre_arts_creatifs.png?resize=350%2C200&ssl=1 1x, https:\/\/i0.wp.com\/shazzam.fr\/wp-content\/uploads\/2025\/10\/Sandrine_Grandjean_Shazzam_saintverand_eveil_theatre_arts_creatifs.png?resize=525%2C300&ssl=1 1.5x, https:\/\/i0.wp.com\/shazzam.fr\/wp-content\/uploads\/2025\/10\/Sandrine_Grandjean_Shazzam_saintverand_eveil_theatre_arts_creatifs.png?resize=700%2C400&ssl=1 2x, https:\/\/i0.wp.com\/shazzam.fr\/wp-content\/uploads\/2025\/10\/Sandrine_Grandjean_Shazzam_saintverand_eveil_theatre_arts_creatifs.png?resize=1050%2C600&ssl=1 3x, https:\/\/i0.wp.com\/shazzam.fr\/wp-content\/uploads\/2025\/10\/Sandrine_Grandjean_Shazzam_saintverand_eveil_theatre_arts_creatifs.png?resize=1400%2C800&ssl=1 4x"},"classes":[]},{"id":261,"url":"https:\/\/shazzam.fr\/","url_meta":{"origin":935,"position":2},"title":"Bienvenue !","author":"thoune","date":"28\/08\/2016","format":false,"excerpt":"Depuis plus de 10 ans, Shazz\u2019am fait vibrer petits et grands \u00e0 Saint-V\u00e9rand, dans la Vall\u00e9e d\u2019Azergues, en plein c\u0153ur du Beaujolais. Tout a commenc\u00e9 avec la danse\u2026 et au fil des ann\u00e9es, de nouveaux cours sont venus enrichir l\u2019aventure. ll y en a pour tous les go\u00fbts, et pour\u2026","rel":"","context":"Article similaire","block_context":{"text":"Article similaire","link":""},"img":{"alt_text":"","src":"","width":0,"height":0},"classes":[]},{"id":137,"url":"https:\/\/shazzam.fr\/?page_id=137","url_meta":{"origin":935,"position":3},"title":"Hip hop","author":"thoune","date":"22\/08\/2016","format":false,"excerpt":"Bouger, s\u2019amuser, apprendre \u00e0 se coordonner, ressentir le rythme\u2026 Le hip-hop, c\u2019est tout \u00e7a \u00e0 la fois \u2014 avec du style et de l\u2019\u00e9nergie ! Et surtout, une ambiance o\u00f9 chacun trouve sa place : bienveillance, confiance, progression \u00e0 son rythme et esprit d\u2019\u00e9quipe. Fabien partage sa passion avec bonne\u2026","rel":"","context":"Article similaire","block_context":{"text":"Article similaire","link":""},"img":{"alt_text":"","src":"https:\/\/i0.wp.com\/yjrugct.cluster028.hosting.ovh.net\/wp-content\/uploads\/2022\/08\/Hip-Hop-300x225.jpg?resize=350%2C200","width":350,"height":200},"classes":[]},{"id":1299,"url":"https:\/\/shazzam.fr\/?page_id=1299","url_meta":{"origin":935,"position":4},"title":"Les Mains Cr\u00e9atives","author":"thoune","date":"18\/09\/2023","format":false,"excerpt":"\u00a0 Enfants - Un atelier pour explorer Ici, on touche \u00e0 tout : argile, peinture, bois, dessin, mat\u00e9riaux de r\u00e9cup\u00e9ration\u2026Les enfants exp\u00e9rimentent diff\u00e9rentes mati\u00e8res et techniques, \u00e0 leur rythme. La cr\u00e9ativit\u00e9 au centre Il n\u2019y a pas d\u2019objectif \u00e0 atteindre, pas de mod\u00e8le \u00e0 reproduire.Ce qui compte, c\u2019est le plaisir\u2026","rel":"","context":"Article similaire","block_context":{"text":"Article similaire","link":""},"img":{"alt_text":"","src":"https:\/\/i0.wp.com\/yjrugct.cluster028.hosting.ovh.net\/wp-content\/uploads\/2023\/09\/IMG_2660-300x149.jpg?resize=350%2C200","width":350,"height":200},"classes":[]},{"id":1471,"url":"https:\/\/shazzam.fr\/?page_id=1471","url_meta":{"origin":935,"position":5},"title":"Afro Contemporain &#8211; Atelier mensuel","author":"thoune","date":"04\/09\/2025","format":false,"excerpt":"Un samedi par mois \u2013 adultes Un nouvel atelier pens\u00e9 pour celles et ceux qui veulent danser sans engagement hebdomadaire, mais avec une vraie continuit\u00e9.De octobre \u00e0 avril, Nad\u00e8ge vous accompagne dans un parcours de 7 s\u00e9ances, pour vous reconnecter \u00e0 votre corps \u00e0 travers une danse sensible, rythm\u00e9e et\u2026","rel":"","context":"Article similaire","block_context":{"text":"Article similaire","link":""},"img":{"alt_text":"","src":"https:\/\/i0.wp.com\/shazzam.fr\/wp-content\/uploads\/2025\/09\/Afro-contemporain-atelier-shazzam-nadege.jpeg?resize=350%2C200&ssl=1","width":350,"height":200,"srcset":"https:\/\/i0.wp.com\/shazzam.fr\/wp-content\/uploads\/2025\/09\/Afro-contemporain-atelier-shazzam-nadege.jpeg?resize=350%2C200&ssl=1 1x, https:\/\/i0.wp.com\/shazzam.fr\/wp-content\/uploads\/2025\/09\/Afro-contemporain-atelier-shazzam-nadege.jpeg?resize=525%2C300&ssl=1 1.5x, https:\/\/i0.wp.com\/shazzam.fr\/wp-content\/uploads\/2025\/09\/Afro-contemporain-atelier-shazzam-nadege.jpeg?resize=700%2C400&ssl=1 2x, https:\/\/i0.wp.com\/shazzam.fr\/wp-content\/uploads\/2025\/09\/Afro-contemporain-atelier-shazzam-nadege.jpeg?resize=1050%2C600&ssl=1 3x"},"classes":[]}],"_links":{"self":[{"href":"https:\/\/shazzam.fr\/index.php?rest_route=\/wp\/v2\/pages\/935","targetHints":{"allow":["GET"]}}],"collection":[{"href":"https:\/\/shazzam.fr\/index.php?rest_route=\/wp\/v2\/pages"}],"about":[{"href":"https:\/\/shazzam.fr\/index.php?rest_route=\/wp\/v2\/types\/page"}],"author":[{"embeddable":true,"href":"https:\/\/shazzam.fr\/index.php?rest_route=\/wp\/v2\/users\/1"}],"replies":[{"embeddable":true,"href":"https:\/\/shazzam.fr\/index.php?rest_route=%2Fwp%2Fv2%2Fcomments&post=935"}],"version-history":[{"count":42,"href":"https:\/\/shazzam.fr\/index.php?rest_route=\/wp\/v2\/pages\/935\/revisions"}],"predecessor-version":[{"id":1411,"href":"https:\/\/shazzam.fr\/index.php?rest_route=\/wp\/v2\/pages\/935\/revisions\/1411"}],"up":[{"embeddable":true,"href":"https:\/\/shazzam.fr\/index.php?rest_route=\/wp\/v2\/pages\/132"}],"wp:attachment":[{"href":"https:\/\/shazzam.fr\/index.php?rest_route=%2Fwp%2Fv2%2Fmedia&parent=935"}],"curies":[{"name":"wp","href":"https:\/\/api.w.org\/{rel}","templated":true}]}}